{"id":46,"date":"2015-07-03T13:12:52","date_gmt":"2015-07-03T11:12:52","guid":{"rendered":"http:\/\/kfvm.hosted-by-mm.com\/?page_id=46"},"modified":"2026-01-18T16:53:28","modified_gmt":"2026-01-18T15:53:28","slug":"der-verein","status":"publish","type":"page","link":"https:\/\/www.xn--kreisfischereiverein-mnchberg-6bd.de\/","title":{"rendered":"Der Verein"},"content":{"rendered":"<h1 style=\"text-align: center;\"><span style=\"color: #ff6600;\">Herzlich Wilkommen auf der <\/span><\/h1>\n<h1 style=\"text-align: center;\"><span style=\"color: #ff6600;\">offiziellen Homepage des<\/span><\/h1>\n<h1 style=\"text-align: center;\"><span style=\"color: #ff6600;\">Kreisfischereivereins M\u00fcnchberg v. 1885 e.V.<\/span><\/h1>\n<h3 style=\"text-align: center;\"><span style=\"color: #ff0000;\"><span style=\"color: #ff6600;\">N\u00e4chste Termine:<\/span><br \/>\n<\/span><\/h3>\n<h4 style=\"text-align: center;\"><span style=\"color: #ff0000;\">28.03.2026\u00a0 Jahreshauptversammlung am Eisteich 18.00 Uhr<\/span><\/h4>\n<h3 style=\"text-align: center;\"><strong><span style=\"color: #ff0000;\">\u00a0<\/span><\/strong><\/h3>\n<p><span style=\"color: #000000;\"><em>\u00a0<\/em><\/span><\/p>\n<p><span style=\"color: #5f83b3;\">\u00a0<\/span><\/p>\n<h3>Unsere Ziele<\/h3>\n<ul>\n<li>Schutz und Erhalt der Gew\u00e4sser in Ihrer nat\u00fcrlichen Sch\u00f6nheit und Urspr\u00fcnglichkeit im Sinne des Naturschutzes und der Landschaftspflege.<\/li>\n<li>Hege und Pflege des Fischbestands in den Gew\u00e4ssern, in Verbindung mit Ma\u00dfnahmen zum Schutze und der Reinhaltung dieser Gew\u00e4sser und Uferfl\u00e4chen.<\/li>\n<li>F\u00f6rderung der Fischerei, der Fischzucht, der Teichwirtschaft und des Angelsports.<\/li>\n<li>Fischweidgerechte Erziehung der Mitglieder und interessierter Jugendlicher.<\/li>\n<li>Abhaltung von geselligen Veranstaltungen, bzw, von Informations- und Lehrveranstaltungen.<\/li>\n<li>Zusammenarbeit mit den der Fischerei nahestehenden Verb\u00e4nden, sowie mit den Organisationen des Umweltschutzes.<\/li>\n<\/ul>\n","protected":false},"excerpt":{"rendered":"<p>Herzlich Wilkommen auf der offiziellen Homepage des Kreisfischereivereins M\u00fcnchberg v. 1885 e.V. N\u00e4chste Termine: 28.03.2026\u00a0 Jahreshauptversammlung am Eisteich 18.00 Uhr \u00a0 \u00a0 \u00a0 Unsere Ziele Schutz und Erhalt der Gew\u00e4sser in Ihrer nat\u00fcrlichen Sch\u00f6nheit und Urspr\u00fcnglichkeit im Sinne des Naturschutzes<\/p>\n","protected":false},"author":1,"featured_media":0,"parent":0,"menu_order":0,"comment_status":"closed","ping_status":"closed","template":"","meta":{"footnotes":""},"class_list":["post-46","page","type-page","status-publish","hentry"],"_links":{"self":[{"href":"https:\/\/www.xn--kreisfischereiverein-mnchberg-6bd.de\/index.php?rest_route=\/wp\/v2\/pages\/46","targetHints":{"allow":["GET"]}}],"collection":[{"href":"https:\/\/www.xn--kreisfischereiverein-mnchberg-6bd.de\/index.php?rest_route=\/wp\/v2\/pages"}],"about":[{"href":"https:\/\/www.xn--kreisfischereiverein-mnchberg-6bd.de\/index.php?rest_route=\/wp\/v2\/types\/page"}],"author":[{"embeddable":true,"href":"https:\/\/www.xn--kreisfischereiverein-mnchberg-6bd.de\/index.php?rest_route=\/wp\/v2\/users\/1"}],"replies":[{"embeddable":true,"href":"https:\/\/www.xn--kreisfischereiverein-mnchberg-6bd.de\/index.php?rest_route=%2Fwp%2Fv2%2Fcomments&post=46"}],"version-history":[{"count":136,"href":"https:\/\/www.xn--kreisfischereiverein-mnchberg-6bd.de\/index.php?rest_route=\/wp\/v2\/pages\/46\/revisions"}],"predecessor-version":[{"id":824,"href":"https:\/\/www.xn--kreisfischereiverein-mnchberg-6bd.de\/index.php?rest_route=\/wp\/v2\/pages\/46\/revisions\/824"}],"wp:attachment":[{"href":"https:\/\/www.xn--kreisfischereiverein-mnchberg-6bd.de\/index.php?rest_route=%2Fwp%2Fv2%2Fmedia&parent=46"}],"curies":[{"name":"wp","href":"https:\/\/api.w.org\/{rel}","templated":true}]}}