{"id":41,"date":"2015-07-03T13:06:03","date_gmt":"2015-07-03T11:06:03","guid":{"rendered":"http:\/\/kfvm.hosted-by-mm.com\/?page_id=41"},"modified":"2020-10-09T16:38:51","modified_gmt":"2020-10-09T14:38:51","slug":"impressum","status":"publish","type":"page","link":"https:\/\/www.xn--kreisfischereiverein-mnchberg-6bd.de\/?page_id=41","title":{"rendered":"Impressum"},"content":{"rendered":"<h4>gem\u00e4\u00df \u00a75 Telemediengesetz (TMG)<\/h4>\n<p>Verantwortlicher Redakteur und Webmaster f\u00fcr die Planung, Realisierung und Betreuung der Internetinhalte der Domain <a href=\"http:\/\/kreisfischereiverein-m\u00fcnchberg.de\">http:\/\/www.kreisfischereiverein-m\u00fcnchberg.de<\/a> ist:<\/p>\n<p>J\u00f6rg Zeitler, E-Mail: <a href=\"http:\/\/jz@kreisfischereiverein-m\u00fcnchberg.de\">jz@kreisfischereiverein-m\u00fcnchberg.de<\/a><\/p>\n<p><strong>Anbieter:<\/strong><br \/>\nKreisfischereiverein M\u00fcnchberg v. 1885 e.V.<br \/>\nWaldsteinstr. 45<br \/>\n95213 M\u00fcnchberg<\/p>\n<p>Telefon: +49 9251 2717<br \/>\nE-Mail: <a href=\"mailto:vorstand@kreisfischereiverein-m\u00fcnchberg.de\">vorstand@kreisfischereiverein-m\u00fcnchberg.de<\/a><\/p>\n<p><strong>Gesetzliche Vertreter:<\/strong><br \/>\nVorstand gem\u00e4\u00df \u00a726 BGB sind<br \/>\nThomas Schmidt (1. Vorsitzender)<br \/>\nMatthias Walter (2. Vorsitzender)<\/p>\n<p><strong>Registergericht:<\/strong> Amtsgericht Hof<\/p>\n<p><strong>Registernummer:<\/strong> VR-348<\/p>\n<p><strong>Verantwortlicher i.S.d. \u00a7 55 Abs. 2 RStV<\/strong>: J\u00f6rg Zeitler, Saalm\u00fchlstr.11, 95234 <span class=\"st-treffer-ort\">Sparneck<\/span><\/p>\n<p>Copyrights:<br \/>\n\u00a92019 Kreisfischereiverein M\u00fcnchberg v. 1885 e.V., M\u00fcnchberg, Deutschland<br \/>\nAlle Rechte vorbehalten.<\/p>\n<p>Text, Bilder, Grafiken, Sound, Animationen und Videos sowie deren Anordnung unterliegen dem Schutz des Urheberrechts und anderer Schutzgesetze.<\/p>\n<hr \/>\n<p>Concept &amp; Hosting:<\/p>\n<p>MMcom GmbH<br \/>\nFuhrmannstr. 10<br \/>\n95030 Hof<\/p>\n<p><a title=\"MMcom GmbH\" href=\"http:\/\/www.mm-com.de\" target=\"_blank\" rel=\"noopener noreferrer\">www.mm-com.de<\/a><\/p>\n","protected":false},"excerpt":{"rendered":"<p>gem\u00e4\u00df \u00a75 Telemediengesetz (TMG) Verantwortlicher Redakteur und Webmaster f\u00fcr die Planung, Realisierung und Betreuung der Internetinhalte der Domain http:\/\/www.kreisfischereiverein-m\u00fcnchberg.de ist: J\u00f6rg Zeitler, E-Mail: jz@kreisfischereiverein-m\u00fcnchberg.de Anbieter: Kreisfischereiverein M\u00fcnchberg v. 1885 e.V. Waldsteinstr. 45 95213 M\u00fcnchberg Telefon: +49 9251 2717 E-Mail: vorstand@kreisfischereiverein-m\u00fcnchberg.de<\/p>\n","protected":false},"author":1,"featured_media":0,"parent":0,"menu_order":0,"comment_status":"closed","ping_status":"closed","template":"","meta":{"footnotes":""},"class_list":["post-41","page","type-page","status-publish","hentry"],"_links":{"self":[{"href":"https:\/\/www.xn--kreisfischereiverein-mnchberg-6bd.de\/index.php?rest_route=\/wp\/v2\/pages\/41","targetHints":{"allow":["GET"]}}],"collection":[{"href":"https:\/\/www.xn--kreisfischereiverein-mnchberg-6bd.de\/index.php?rest_route=\/wp\/v2\/pages"}],"about":[{"href":"https:\/\/www.xn--kreisfischereiverein-mnchberg-6bd.de\/index.php?rest_route=\/wp\/v2\/types\/page"}],"author":[{"embeddable":true,"href":"https:\/\/www.xn--kreisfischereiverein-mnchberg-6bd.de\/index.php?rest_route=\/wp\/v2\/users\/1"}],"replies":[{"embeddable":true,"href":"https:\/\/www.xn--kreisfischereiverein-mnchberg-6bd.de\/index.php?rest_route=%2Fwp%2Fv2%2Fcomments&post=41"}],"version-history":[{"count":13,"href":"https:\/\/www.xn--kreisfischereiverein-mnchberg-6bd.de\/index.php?rest_route=\/wp\/v2\/pages\/41\/revisions"}],"predecessor-version":[{"id":664,"href":"https:\/\/www.xn--kreisfischereiverein-mnchberg-6bd.de\/index.php?rest_route=\/wp\/v2\/pages\/41\/revisions\/664"}],"wp:attachment":[{"href":"https:\/\/www.xn--kreisfischereiverein-mnchberg-6bd.de\/index.php?rest_route=%2Fwp%2Fv2%2Fmedia&parent=41"}],"curies":[{"name":"wp","href":"https:\/\/api.w.org\/{rel}","templated":true}]}}