{"id":15,"date":"2015-07-03T12:16:47","date_gmt":"2015-07-03T10:16:47","guid":{"rendered":"http:\/\/kfvm.hosted-by-mm.com\/?page_id=15"},"modified":"2026-02-19T20:02:57","modified_gmt":"2026-02-19T19:02:57","slug":"termine","status":"publish","type":"page","link":"https:\/\/www.xn--kreisfischereiverein-mnchberg-6bd.de\/?page_id=15","title":{"rendered":"Termine"},"content":{"rendered":"\n<ul class=\"wp-block-list\">\n<li>28.03.2026 Jahreshauptversammlung 18.00 Uhr am Eisteich in M\u00fcnchberg<\/li>\n\n\n\n<li>11.04.2026 Ausgabe Satzfischbestellung<\/li>\n\n\n\n<li>26.04.2026 Anfischen Hintere H\u00f6he ab 8.00 Uhr<\/li>\n\n\n\n<li>02.05.2026 Kameradsschaftshegefischen der Vereine &#8211; Fischereiverein Wei\u00dfdorf<\/li>\n\n\n\n<li>09.05.2026 Pulschnitzreinigung<\/li>\n\n\n\n<li>21.06.2026 K\u00f6nigshegefischen  (Erwachsene)<\/li>\n\n\n\n<li>05.07.2026 See \/ H\u00fcttenfest Hintere H\u00f6he<\/li>\n\n\n\n<li>01.08.2026 Jugendzeltlager in Solg<\/li>\n\n\n\n<li>02.08.2026 Hegek\u00f6nigsfischen (Jugend)<\/li>\n\n\n\n<li>19.09.2026 Fischmarkt in M\u00fcnchberg<\/li>\n\n\n\n<li>26.09.2026 Forellenr\u00e4uchern Fischerh\u00fctte Hintere H\u00f6he von 11.00 &#8211; 14.00 Uhr<\/li>\n\n\n\n<li>17.10.2026 Abfischen Solg<\/li>\n\n\n\n<li>29.11.2026 Adventsmarkt der Vereine<\/li>\n<\/ul>\n","protected":false},"excerpt":{"rendered":"","protected":false},"author":1,"featured_media":0,"parent":0,"menu_order":0,"comment_status":"closed","ping_status":"closed","template":"","meta":{"footnotes":""},"class_list":["post-15","page","type-page","status-publish","hentry"],"_links":{"self":[{"href":"https:\/\/www.xn--kreisfischereiverein-mnchberg-6bd.de\/index.php?rest_route=\/wp\/v2\/pages\/15","targetHints":{"allow":["GET"]}}],"collection":[{"href":"https:\/\/www.xn--kreisfischereiverein-mnchberg-6bd.de\/index.php?rest_route=\/wp\/v2\/pages"}],"about":[{"href":"https:\/\/www.xn--kreisfischereiverein-mnchberg-6bd.de\/index.php?rest_route=\/wp\/v2\/types\/page"}],"author":[{"embeddable":true,"href":"https:\/\/www.xn--kreisfischereiverein-mnchberg-6bd.de\/index.php?rest_route=\/wp\/v2\/users\/1"}],"replies":[{"embeddable":true,"href":"https:\/\/www.xn--kreisfischereiverein-mnchberg-6bd.de\/index.php?rest_route=%2Fwp%2Fv2%2Fcomments&post=15"}],"version-history":[{"count":107,"href":"https:\/\/www.xn--kreisfischereiverein-mnchberg-6bd.de\/index.php?rest_route=\/wp\/v2\/pages\/15\/revisions"}],"predecessor-version":[{"id":837,"href":"https:\/\/www.xn--kreisfischereiverein-mnchberg-6bd.de\/index.php?rest_route=\/wp\/v2\/pages\/15\/revisions\/837"}],"wp:attachment":[{"href":"https:\/\/www.xn--kreisfischereiverein-mnchberg-6bd.de\/index.php?rest_route=%2Fwp%2Fv2%2Fmedia&parent=15"}],"curies":[{"name":"wp","href":"https:\/\/api.w.org\/{rel}","templated":true}]}}